inder when 181364 is divided by 78.
14
What is the remainder when 78834 is divided by 78812?
22
Calculate the remainder when 3195 is divided by 1443.
309
What is the remainder when 1398 is divided by 237?
213
What is the remainder when 376388 is divided by 266?
264
Calculate the remainder when 23812 is divided by 441.
439
What is the remainder when 26582 is divided by 22?
6
Calculate the remainder when 564490 is divided by 2352.
10
Calculate the remainder when 49545 is divided by 86.
9
Calculate the remainder when 33416 is divided by 315.
26
Calculate the remainder when 6294 is divided by 23.
15
What is the remainder when 18129 is divided by 18118?
11
What is the remainder when 521363 is divided by 25?
13
What is the remainder when 196330 is divided by 4788?
22
What is the remainder when 8410 is divided by 69?
61
What is the remainder when 37426 is divided by 2?
0
Calculate the remainder when 1153039 is divided by 1420.
1419
What is the remainder when 255970 is divided by 85316?
22
Calculate the remainder when 1391882 is divided by 52.
50
What is the remainder when 7923785 is divided by 226?
225
Calculate the remainder when 362435 is divided by 82.
77
Calculate the remainder when 41877 is divided by 5975.
52
Calculate the remainder when 12715 is divided by 43.
30
Calculate the remainder when 44931 is divided by 3741.
39
What is the remainder when 41745 is divided by 44?
33
Calculate the remainder when 4018 is divided by 390.
118
Calculate the remainder when 40657 is divided by 9.
4
Calculate the remainder when 214846 is divided by 214833.
13
Calculate the remainder when 38639 is divided by 19299.
41
Calculate the remainder when 5172194 is divided by 93.
92
Calculate the remainder when 3833 is divided by 1910.
13
What is the remainder when 2832 is divided by 160?
112
What is the remainder when 1789 is divided by 109?
45
Calculate the remainder when 1151634 is divided by 47.
40
Calculate the remainder when 62687 is divided by 418.
405
Calculate the remainder when 100809 is divided by 372.
369
What is the remainder when 295 is divided by 51?
40
Calculate the remainder when 8254 is divided by 127.
126
Calculate the remainder when 3591 is divided by 352.
71
Calculate the remainder when 4813 is divided by 268.
257
What is the remainder when 45083 is divided by 791?
787
Calculate the remainder when 60707 is divided by 1962.
1847
Calculate the remainder when 113492 is divided by 85.
17
Calculate the remainder when 15874 is divided by 189.
187
Calculate the remainder when 903749 is divided by 414.
401
What is the remainder when 754 is divided by 742?
12
Calculate the remainder when 3350 is divided by 24.
14
Calculate the remainder when 4381078 is divided by 40.
38
What is the remainder when 4259 is divided by 2114?
31
What is the remainder when 256826 is divided by 40?
26
Calculate the remainder when 11623 is divided by 3870.
13
What is the remainder when 32976 is divided by 32?
16
What is the remainder when 3122 is divided by 152?
82
Calculate the remainder when 21527 is divided by 69.
68
Calculate the remainder when 6983 is divided by 2090.
713
What is the remainder when 27841 is divided by 13919?
3
What is the remainder when 1191 is divided by 395?
6
What is the remainder when 5957 is divided by 372?
5
What is the remainder when 706237 is divided by 20?
17
Calculate the remainder when 1406 is divided by 720.
686
What is the remainder when 3061 is divided by 760?
21
Calculate the remainder when 22591 is divided by 7508.
67
Calculate the remainder when 87399 is divided by 40.
39
Calculate the remainder when 137 is divided by 51.
35
Calculate the remainder when 2430 is divided by 3.
0
Calculate the remainder when 2342 is divided by 1783.
559
What is the remainder when 213 is divided by 86?
41
Calculate the remainder when 15417 is divided by 59.
18
Calculate the remainder when 6205 is divided by 2063.
16
What is the remainder when 590878 is divided by 137?
134
Calculate the remainder when 14721 is divided by 3676.
17
What is the remainder when 11298 is divided by 2823?
6
What is the remainder when 49616 is divided by 30?
26
Calculate the remainder when 17613 is divided by 24.
21
What is the remainder when 17137 is divided by 13?
3
What is the remainder when 730153 is divided by 1221?
1216
What is the remainder when 2147 is divided by 537?
536
Calculate the remainder when 147221 is divided by 308.
305
Calculate the remainder when 873 is divided by 172.
13
What is the remainder when 56741 is divided by 3150?
41
What is the remainder when 705 is divided by 73?
48
Calculate the remainder when 333 is divided by 26.
21
Calculate the remainder when 24351 is divided by 2210.
41
Calculate the remainder when 6864 is divided by 6685.
179
What is the remainder when 2713 is divided by 255?
163
Calculate the remainder when 989113 is divided by 703.
695
Calculate the remainder when 24409 is divided by 467.
125
Calculate the remainder when 57909 is divided by 217.
187
Calculate the remainder when 355 is divided by 103.
46
What is the remainder when 160783 is divided by 2772?
7
Calculate the remainder when 194205 is divided by 89.
7
Calculate the remainder when 13126 is divided by 3272.
38
Calculate the remainder when 5104 is divided by 1914.
1276
Calculate the remainder when 6585 is divided by 819.
33
Calculate the remainder when 4610 is divided by 649.
67
Calculate the remainder when 1544 is divided by 70.
4
Calculate the remainder when 2008 is divided by 483.
76
Calculate the remainder when 7254 is divided by 454.
444
Calculate the remainder when 631933 is divided by 1456.
29
Calculate the remainder when 1136 is divided by 92.
32
Calculate the remainder when 12623 is divided by 16.
15
Calculate the remainder when 3370 is divided by 3090.
280
Calculate the remainder when 33153 is divided by 14.
1
What is the remainder when 327028 is divided by 15?
13
Calculate the remainder when 110950 is divided by 11.
4
Calculate the remainder when 436892 is divided by 145627.
11
Calculate the remainder when 3226 is divided by 368.
282
Calculate the remainder when 8746 is divided by 139.
128
Calculate the remainder when 6829 is divided by 1333.
164
Calculate the remainder when 234036 is divided by 14.
12
What is the remainder when 49253 is divided by 546?
113
Calculate the remainder when 2373 is divided by 865.
643
What is the remainder when 7640 is divided by 1235?
230
What is the remainder when 15132 is divided by 47?
45
What is the remainder when 12856 is divided by 73?
8
Calculate the remainder when 37040 is divided by 218.
198
Calculate the remainder when 14993 is divided by 160.
113
Calculate the remainder when 5543107 is divided by 310.
307
What is the remainder when 51365 is divided by 25680?
5
What is the remainder when 175992 is divided by 58664?
0
What is the remainder when 83683 is divided by 127?
117
Calculate the remainder when 88136 is divided by 65.
61
Calculate the remainder when 145040 is divided by 51.
47
Calculate the remainder when 9248 is divided by 303.
158
Calculate the remainder when 258 is divided by 105.
48
Calculate the remainder when 19502 is divided by 47.
44
Calculate the remainder when 7745 is divided by 1286.
29
What is the remainder when 1204 is divided by 1099?
105
Calculate the remainder when 1834 is divided by 12.
10
Calculate the remainder when 71450 is divided by 71437.
13
What is the remainder when 31185 is divided by 2?
1
Calculate the remainder when 106019 is divided by 38.
37
What is the remainder when 240 is divided by 165?
75
What is the remainder when 21345 is divided by 30?
15
What is the remainder when 5665 is divided by 126?
121
Calculate the remainder when 358004 is divided by 869.
845
Calculate the remainder when 7475 is divided by 1492.
15
What is the remainder when 2511 is divided by 1241?
29
What is the remainder when 39958 is divided by 39912?
46
What is the remainder when 20566 is divided by 27?
19
What is the remainder when 270968 is divided by 41?
40
What is the remainder when 487266 is divided by 40602?
42
Calculate the remainder when 20697 is divided by 1369.
162
Calculate the remainder when 17275 is divided by 540.
535
Calculate the remainder when 77603 is divided by 970.
3
What is the remainder when 5382 is divided b